f r?
13, 43
Let n(d) = 154*d - 7. Let j be n(-2). Let m = j + 957. What are the prime factors of m?
2, 3, 107
What are the prime factors of ((-26)/5)/((-3)/36060*4)?
2, 13, 601
Suppose -24*m - 266 = -26*m. Suppose -5*o = -4*b - 811, -2*o + m + 196 = 3*b. What are the prime factors of o?
163
Suppose 2*i + v - 67 = 0, -3*i + 97 = 11*v - 13*v. Suppose 0 = -i*k + 11699 - 941. List the prime factors of k.
2, 163
Suppose -4*w + 41923 = 5*n + 15128, 4*n - 21432 = -4*w. What are the prime factors of n?
31, 173
Suppose 4*h + 2290 = 8*h + l, -3*l - 1710 = -3*h. Let r = h + -323. List the prime factors of r.
3, 83
Let x be 4 + (-5 - 0) + 3. Let t(o) = o**x + 1 + 5*o - 6 - 17 + 3. What are the prime factors of t(-9)?
17
Suppose -1854 = -0*c - 2*c - 4*p, 4*p + 2791 = 3*c. Let r = -156 + c. What are the prime factors of r?
773
Let n(t) = 2*t**3 - 3*t**2 - 10*t + 1. Let z be n(4). Let s = z - 49. Let i(u) = 2*u**2 - u + 1. What are the prime factors of i(s)?
137
List the prime factors of (25 + (-515570)/(-20))*2.
51607
Let h be (8/5)/(94/(-10) + 9). What are the prime factors of -3*(h + -1 + 664/(-6))?
347
Suppose -2*n + 8 = 2*k + 2*k, -2*n + 10 = 5*k. Let c be 2/(-1 - 1) - 45/(-9). Suppose -2*a = -k*b - 150, 0*b + b - 275 = -c*a. What are the prime factors of a?
2, 5, 7
What are the prime factors of (225/(-9))/((-70)/45514)?
5, 3251
Let o(s) = -s**3 + 12*s**2 - 9*s - 15. Let d be o(11). Suppose 0 = -5*q + d*h - 2*h + 15, 14 = 5*q - 4*h. List the prime factors of (q/4)/((-2376)/(-1184) - 2).
2, 37
Let k = 2402 - 9. Let o = -727 + k. What are the prime factors of o?
2, 7, 17
Suppose -s + 524 + 429 = 0. What are the prime factors of s/2*6/15*5?
953
Suppose -36*z + 420088 = 8*z - 269832. What are the prime factors of z?
2, 5, 7
Suppose -3*a + 19 = 2*f, -5*f = -f - 20. What are the prime factors of -782*(-6 + a)/6?
17, 23
Suppose -703 = -3*d + i + 222, 3*d + 4*i = 950. Let l = 914 - d. What are the prime factors of l?
2, 151
Let r = -282 + 822. Suppose -14*z = -16*z - r. Let u = 380 + z. List the prime factors of u.
2, 5, 11
Let k(m) = m**3 + 8*m**2 + 2*m - 7. Let s be k(-9). Let z = -28 - s. List the prime factors of (z/(-18))/((-1)/45).
3, 5, 13
Let t(u) = -247*u - 9. Let v(i) = -123*i - 3. Let c(n) = -2*t(n) + 5*v(n). What are the prime factors of c(-1)?
2, 31
Let q = -31 - -35. List the prime factors of (0 + -3*(-2)/q)*346.
3, 173
Let x be (4 - (4 - -3))*-38. Let g = -70 + -44. Let a = x - g. What are the prime factors of a?
2, 3, 19
Let r be 55/(-35) + (-6)/14. Suppose 5*p = 4*q - 29, -22 = q + 5*p + 2. What are the prime factors of (-1)/((q - r/(-6))/(-94))?
3, 47
Suppose -2*d + y + 25468 = 0, -302 = 2*d - 5*y - 25786. List the prime factors of d.
2, 3, 1061
Let o be ((-3)/(-9))/(3/(-9))*0. Suppose -6*b - 8*b + 9282 = o. List the prime factors of b.
3, 13, 17
Let j be (-23277)/(-15) - (-2)/10. Let f = j + -416. What are the prime factors of f?
2, 71
Let q(b) = 860*b**3 - 14*b**2 + 2*b - 20*b**2 + 31*b**2. List the prime factors of q(1).
859
Let d(z) = -z**2 - 20*z - 36. Let t be d(-18). Let j(p) = 7*p + 115. Let r(u) = -4*u - 58. Let w(v) = 3*j(v) + 5*r(v). List the prime factors of w(t).
5, 11
Let d(s) = -s**3 + 25*s**2 + 145*s + 90. What are the prime factors of d(22)?
2, 7, 13
Let k = -37616 - -55151. What are the prime factors of k?
3, 5, 7, 167
Let g(r) = -44*r**3 + r**2 - r - 1. Let x be g(-1). Suppose -40*h = -x*h + 15. Suppose -h*m + 9*m - 816 = 0. What are the prime factors of m?
2, 17
Suppose -5 = k, 8*t + k = 10*t - 9. Suppose -4*w - 3*r + 1402 = -0*w, -t*w = -4*r - 690. List the prime factors of w.
349
Suppose 12 = -3*q, -4*s + 8*q - 140 = 5*q. Let b = s - -260. List the prime factors of b.
2, 3, 37
Let p(w) = -794*w + 405. What are the prime factors of p(-8)?
29, 233
Suppose 0 = -13*u + 22527 - 4717. List the prime factors of 5 - 2*u/(-4) - 2.
2, 43
Suppose -3*m + h + 15755 = 1097, -h - 3 = 0. List the prime factors of m.
5, 977
Let b = -15292 - -28059. List the prime factors of b.
17, 751
What are the prime factors of 4/48 - (-1312279)/348?
3, 419
Let u be (-8)/14 + (-2 - 84528/(-42)). Suppose 66 - u = -12*m. List the prime factors of m.
2, 3
Suppose 0 = -3*x + 4*n - 26 + 100, -5*n - 54 = -2*x. Suppose s = -4*k + 3*k + x, -3*s = -k - 54. What are the prime factors of s?
19
Let c = -353 + 598. Suppose 0 = -17*v + 22*v - c. What are the prime factors of v?
7
List the prime factors of (-106)/(-1272) - 92638/(-24).
2, 5, 193
Suppose -174*k + 172*k - 5*o + 22146 = 0, -4*k + 3*o + 44214 = 0. What are the prime factors of k?
2, 3, 19, 97
Suppose 0 = -5*s + 2*s + 3. Suppose 2*n = 9 + s. Suppose 250 = 5*x - 3*u, -u = n*x - 6*u - 260. List the prime factors of x.
47
Let b(a) = 741*a**2 + 132*a - 119. What are the prime factors of b(7)?
2, 7, 11, 241
Let y(n) = -63*n**3 + 2*n**2 + 62*n + 393. What are the prime factors of y(-6)?
3, 4567
Let c be 6/(-4) + 163/2. Let v = 95 - c. List the prime factors of (-151)/(-2)*(-13 + v).
151
Let x = 4146 - 2819. Let i = 2383 - x. What are the prime factors of i?
2, 3, 11
Let m(i) = 10*i + 31. Let u be m(-11). Let x = u + 243. List the prime factors of x.
2, 41
Suppose -4*r - 3924 = 2*x - 25372, -x = 4*r - 21448. What are the prime factors of r?
2, 7, 383
Suppose -19*u + 3*w + 28887 = -16*u, 5*u + 3*w = 48081. What are the prime factors of u?
3, 1069
Let r(y) = -y**2 - 13*y - 21. Let b be r(-2). Let g(q) = 84*q**3 - 2*q**2 + 6*q - 5. What are the prime factors of g(b)?
83
Suppose -q - 2*u - 1315 = 0, 3*u - 347 = 2*q + 2276. Let i = -89 - q. What are the prime factors of i?
2, 3, 17
Let r = 427 + -112. Suppose -99 = -3*m + r. Let b = -79 + m. What are the prime factors of b?
59
Let l(u) = -20*u + 178. List the prime factors of l(-47).
2, 13, 43
Let s(l) = 2591*l + 1103. List the prime factors of s(6).
16649
Let m(j) = -3*j**3 - 38*j**2 - 109*j + 245. List the prime factors of m(-23).
11, 1741
Suppose -4*z + 7*z - 27 = 0. Let q = 12 - z. Suppose q*h - 5 = 76. List the prime factors of h.
3
Let d = -19 - -22. Let v be 2*2 + (d - 1). Suppose 72 = 2*b - v. List the prime factors of b.
3, 13
Suppose 0 = -4*f - 5*d + 812, -3*f = d - 45 - 575. Suppose 0 = -b - 4*k + 139 + f, 4*b = 3*k + 1483. What are the prime factors of b?
367
Let t = 3275 - 3193. What are the prime factors of t?
2, 41
Let l = 24205 - 16883. What are the prime factors of l?
2, 7, 523
List the prime factors of (215 + -11409)*(-6)/4.
3, 29, 193
List the prime factors of ((-1)/(-5) + (-43)/(-10))/(9/35004).
2, 3, 2917
Let j be 5/2 + (-1)/(-2). Let a be 22/341 - 3324/(-372). List the prime factors of (j + (3 - a))/(6/(-458)).
229
Let d = -8661 - -14680. List the prime factors of d.
13, 463
List the prime factors of (-21 - 64/(-3))*97452.
2, 3, 2707
Let j(d) = -2*d**3 - 21*d**2 + 5*d - 26. Let k be j(-12). Suppose -241*c + 240*c = -k. What are the prime factors of c?
2, 173
List the prime factors of 74 + -70 + 3*8382.
2, 5, 503
Suppose 4 = -2*l + 5*g + 2, 0 = -2*g. List the prime factors of 40/72*354 + l/(-3).
197
Suppose 144*c - 2679444 - 1191276 = 0. List the prime factors of c.
2, 3, 5, 7
Suppose 3*a - 54249 = 5*n, -36 = -3*n - 54. What are the prime factors of a?
11, 31, 53
Let k(c) = -279*c + 6. Let b(d) = -119*d + 3. Let h(q) = -14*b(q) + 6*k(q). Let n be (-6)/(-21) + 65/(-7). What are the prime factors of h(n)?
2, 3, 11
Let l(k) = -445*k**3 + k**2 + 15*k - 13. What are the prime factors of l(-4)?
43, 661
Let p = -299 - -301. Suppose 2*h = -5*j + 1035, p*j - 5*h - 443 = -0*h. What are the prime factors of j?
11, 19
Suppose 0 = -80*r + 58*r + 93214. What are the prime factors of r?
19, 223
Suppose -113*j = -117*j + 20. List the prime factors of 1/(-1)*(-1 + (-343 - j)).
349
Let y = -67 + 72. Suppose 4*h = y*m + 105 - 1378, 4*m - 2*h = 1016. What are the prime factors of m?
11, 23
Let r(p) be the third derivative of 13*p**6/120 - p**5/12 + p**4/6 - 17*p**3/3 - 2*p**2 - 18. List the prime factors of r(5).
2, 743
List the prime factors of 5400/(-2025) - (-174632)/3.
2, 17, 107
Suppose -8*i + 6*i = -6. Suppose 0 = 2*g + 5*r - 51, -6*g + 10*g + i*r - 81 = 0. What are the prime factors of g?
2, 3
Suppose 0 = -10*x - x + 231. Suppose -7*y + 427 + x = 0. What are the prime factors of y?
2
Suppose 42*p - 256791 = -55359. List the prime factors of p.
2, 11, 109